et m(y) = y**2 - 11*y + 12. Suppose -4*j + 156 = 36. Suppose -4*r + 12 + j = 2*w, -5*r = 4*w - 51. Calculate the remainder when 33 is divided by m(r).
9
Let m(n) = 16*n**2 + n. Let t be m(1). Suppose o - 2*o = -t. What is the remainder when o is divided by 6?
5
Suppose -4*k - 22 = -j, 151 = 3*j - k + 6*k. What is the remainder when 125 is divided by j?
41
Suppose 5*t + 11 = -5*l + 171, -4*l + 3*t = -121. Let k = 27 + -14. Suppose -q + 0*q + p + k = 0, -51 = -3*q - p. What is the remainder when l is divided by q?
15
Let b be 33*7/(21/12). Let a = b - 56. Let y = a - 48. What is the remainder when y is divided by 15?
13
Let s(f) = -f**3 + 9*f**2 - 3*f - 3. Let j be s(8). Suppose 0*m = -m + 2*v + j, 4*m + v = 157. What is the remainder when m is divided by 20?
19
Suppose 0 = -2*s + 45 + 723. What is the remainder when (-4)/6 - s/(-9) is divided by 15?
12
Let u = -43 + 83. Let t be ((-45)/(-12))/(2/8). What is the remainder when u is divided by -1 - (0/(-1) - t)?
12
Let n be (8*-1 + 2)*1. Let m be 1 - -3*(-4)/n. Suppose -80 = -4*u - h - 2*h, 5*h = -m*u + 71. What is the remainder when u is divided by 6?
5
Let f = -1 + 1. Suppose f = r - 10 - 27. What is the remainder when r is divided by 12/48 - 102/(-8)?
11
Let a(g) be the first derivative of 9*g**2/2 + g + 1. What is the remainder when 18 is divided by a(1)?
8
Let o(w) = -w**2 - 10*w - 6. Let y = 288 + -108. Suppose 6*l - y = l. Calculate the remainder when l is divided by o(-5).
17
Let l be -2 + 0 + -2 + 4. Suppose 4*q - 436 = -l*q. Calculate the remainder when q is divided by 28.
25
Suppose 218 - 65 = 17*o. What is the remainder when 88 is divided by o?
7
Suppose -3 = d - 9. Suppose -d = -r + 8. Calculate the remainder when 53 is divided by r.
11
Let d be -4 + 7 + 1*-1. Suppose 0 = 5*t, -45 = -d*j + 5*t - 7. Calculate the remainder when j is divided by 10.
9
Let z = -85 + 132. What is the remainder when 185 is divided by z?
44
Let n(w) = w**2 + w - 2. Let x be n(-2). Suppose 3*o - 4*o + 1 = x. Calculate the remainder when -25*o*(-9)/15 is divided by 8.
7
Let m(w) = -w**2 + 5*w - 4. Let n be m(3). Let f = n - -6. Suppose -2*t - 60 = -5*a, -4*a + 4*t = -2*a - f. What is the remainder when 41 is divided by a?
13
Let a = 49 - 33. Calculate the remainder when 61 is divided by a.
13
Let v(y) = y**2 + 4*y - 3. Let u = -14 - -18. Calculate the remainder when 57 is divided by v(u).
28
Suppose -4*y = -4*a + 68, -2*a - 4*y = -5*y - 31. Calculate the remainder when 39 is divided by a.
11
Suppose -u = -5*u + 60. Suppose 0 = -0*t + 2*t - 6. Suppose 0*o + t*o - 84 = 0. What is the remainder when o is divided by u?
13
Suppose -7*b + 2*b + 20 = 0. Suppose -3 + 45 = 3*f. What is the remainder when f is divided by b?
2
Suppose c + 4*u - 33 = -1, 0 = -4*c + u + 60. Let z = 83 - 52. Calculate the remainder when z is divided by c.
15
Let j = 105 + -60. What is the remainder when j is divided by 25?
20
What is the remainder when 558/4 + (-14)/(-28) is divided by 47?
46
Let v = 2 + 1. Suppose v*j - 8*j + 35 = 0. Calculate the remainder when 25 is divided by j.
4
Suppose 5*y = 3*y. Suppose y*h = -2*h + 54. Calculate the remainder when 52 is divided by h.
25
Let k(h) be the first derivative of -3*h**2/2 - 8*h - 1. What is the remainder when 18 is divided by k(-6)?
8
Suppose -v + 4*r - 6 = -r, 4*v - 5*r = -24. Let p = 12 + v. What is the remainder when 17 is divided by p?
5
Let z(q) = q. Let k be z(-5). Suppose 9 = -11*n + 14*n. What is the remainder when 14 is divided by (-2 - -1)*(k - n)?
6
Let i(d) = d**2 + 6*d - 6. What is the remainder when i(-11) is divided by 13?
10
Let n(d) be the second derivative of d**3/6 + 7*d**2/2 + d. Suppose -2*t = -2*i + 24, -i - t = 4*t + 12. Calculate the remainder when i is divided by n(-4).
2
Let q = -8 + 53. Calculate the remainder when q is divided by 12.
9
Suppose 2*k + k - 2*b - 28 = 0, 15 = -3*b. Let m(l) = l**3 - 5*l**2 - 4*l - 6. Let g be m(k). Let q = 14 + g. Calculate the remainder when 59 is divided by q.
19
Let w(m) = -9*m + 1. Suppose 64 = 2*l + 8. What is the remainder when l is divided by w(-1)?
8
Let n = 2 - 1. Let j be ((-3)/(-6) - n)*0. Suppose 4*d + 0*y - 2*y - 8 = j, 8 = 4*y. Calculate the remainder when d is divided by 2.
1
Suppose -4*r + t = -215, -4*r - 4*t = -r - 147. Calculate the remainder when r is divided by 18.
17
Suppose -x - 31 = -2*b + 4*x, b + 2*x = 2. What is the remainder when (4 - (-3)/(-1))*30/2 is divided by b?
7
Let t be ((-4)/8)/((-2)/192). Suppose -4*n = 5*h - t, -2*n = -0*n - 4*h - 50. Let b = n - 12. Calculate the remainder when b is divided by 3.
2
Let o(l) = -7 + 2*l - 4*l**2 - l + l**3 + 10*l**2. Suppose -20 + 0 = 4*u. Calculate the remainder when o(u) is divided by 7.
6
What is the remainder when 13 is divided by 200/30 - 1/(-3)?
6
Let b = -71 + 103. What is the remainder when b + (3/3 - 4) is divided by 8?
5
Let d(j) = 3*j - 10. Let r be d(6). What is the remainder when (126/36)/(1/r) is divided by 15?
13
Suppose c = 3*c - 102. What is the remainder when c is divided by 18?
15
Suppose t = 8 + 7. What is the remainder when 27 is divided by t?
12
Let s(l) = -2*l**3 - 2*l**2 - 3*l - 3. Suppose 3 = -4*b - 5. What is the remainder when 32 is divided by s(b)?
10
Let k be (4/10)/((-2)/10). Let a(z) = 6*z**2 + 4*z + 2. Suppose 4*l + 96 = 4*j - 128, 4*j - 212 = l. What is the remainder when j is divided by a(k)?
16
Let w(v) = v**3 + 12*v**2 + 3*v - 26. What is the remainder when w(-8) is divided by 52?
50
Let n(d) = -8*d - 7. What is the remainder when 81 is divided by n(-6)?
40
Suppose -15*z = -9*z - 54. What is the remainder when z is divided by 3?
0
Let h(z) be the first derivative of -z**3/3 + 11*z**2/2 - 10*z + 5. Calculate the remainder when 58 is divided by h(5).
18
Suppose 0 = g - 5*g + 28. Let n = 14 - -2. Calculate the remainder when n - (0 + (-2 - 1)) is divided by g.
5
Let t(d) = -4*d**3 + d**2 - 1. Let g be ((-3)/2)/((-12)/(-16)). What is the remainder when t(-2) is divided by (2/g - -13)/1?
11
Let r(c) = c**2 + 3*c + 12. What is the remainder when r(-8) is divided by 18?
16
Let f = -47 - -67. What is the remainder when (-5)/f + 97/4 is divided by 13?
11
Suppose 123 = 5*l - 2. Let c = 9 - -4. What is the remainder when l is divided by c?
12
Suppose -26 = -5*c + 14. What is the remainder when 46/(2/4 + 12/8) is divided by c?
7
Let f be 22 - (2 - (0 - -2)). Suppose -4*c + 5*g - 2*g = -10, f = 4*c + 3*g. Let v = 6 + c. Calculate the remainder when v is divided by 6.
4
Let d = 46 + -21. Calculate the remainder when 98 is divided by d.
23
Let w be 2/(-4) + 39/6. Let k = w - -2. Suppose -5 = 5*h, -q + h + 9 = -k. What is the remainder when 30 is divided by q?
14
Suppose 0 = 2*f + r - 10, 14 = 2*f + 3*r - 0. Let m be f/2 - 6/3. Suppose -k + m = -15. Calculate the remainder when 44 is divided by k.
14
Let h = -85 - -93. What is the remainder when h is divided by 2?
0
Suppose 5*k + 20 = -2*y, y - 4*y + 5*k + 20 = 0. Suppose -3*c = 3*g - 66, y = 4*c + 3*g - 55 - 30. What is the remainder when c is divided by 10?
9
Suppose 0 = -3*w - 2*w. Let a = -6 - -8. Suppose w = 4*l - a*l - 12. What is the remainder when l is divided by 4?
2
Let u(w) = -11*w + 11. Let c(o) = -6*o + 6. Let x(p) = -7*c(p) + 4*u(p). What is the remainder when 16 is divided by x(-2)?
4
Let x(k) be the first derivative of k**2/2 - 4*k - 2. Let i be x(8). Suppose 3*h - 33 = p - 0*p, i*p - 11 = -h. What is the remainder when 32 is divided by h?
10
Let y be 7/3 - 3/9. Let v = y + 3. Suppose v*d - 143 = -2*u, -2 = -3*u - 5. Calculate the remainder when d is divided by 10.
9
Suppose 0 = -r - 2*r. Suppose 2*d - 16 = -u - 2*d, -2*u - 2*d + 20 = r. Calculate the remainder when u is divided by 3.
2
What is the remainder when 56 + (2 - 2) + -4 is divided by 14?
10
What is the remainder when 60 is divided by (-6)/(-81)*3 + 410/18?
14
What is the remainder when 1/((-5)/180*-2) is divided by 4?
2
Let p = 19 + -20. Let c = p + 26. Calculate the remainder when ((-146)/(-4))/(1/2) is divided by c.
23
Let j(r) = -r**2 + 9*r. Let k be j(8). Suppose 5*l + k = 223. Calculate the remainder when l is divided by 11.
10
Suppose 103 = 5*q - 32. What is the remainder when q is divided by 11?
5
Suppose -5*t + 3*t = 54. What is the remainder when 100/12*t/(-15) is divided by 9?
6
Suppose -5*h + 667 =